culate the greatest common divisor of 24640 and 3465.
385
Calculate the greatest common divisor of 75739 and 333.
37
Calculate the highest common divisor of 22 and 489302.
22
What is the greatest common factor of 182 and 2754661?
91
What is the greatest common divisor of 4200 and 11256?
168
What is the highest common factor of 403605 and 5?
5
Calculate the greatest common divisor of 10742 and 52138.
262
What is the greatest common factor of 6439 and 752?
47
Calculate the highest common divisor of 99 and 56493.
9
Calculate the greatest common factor of 30 and 39225.
15
What is the greatest common factor of 4600 and 100?
100
Calculate the highest common factor of 784 and 50.
2
Calculate the highest common factor of 941145 and 30.
15
What is the highest common divisor of 11952 and 1584?
144
Calculate the highest common factor of 1 and 32077.
1
Calculate the highest common factor of 6633 and 12864.
201
Calculate the highest common factor of 4260 and 543363.
213
What is the highest common divisor of 2300 and 22600?
100
What is the greatest common divisor of 61852 and 1974?
658
Calculate the highest common divisor of 24 and 332184.
24
Calculate the highest common divisor of 853104 and 336.
336
What is the greatest common factor of 37314 and 108?
54
What is the greatest common divisor of 4290500 and 100?
100
What is the highest common factor of 8 and 13759856?
8
Calculate the highest common factor of 159263 and 117.
13
What is the highest common factor of 38845 and 85?
85
What is the greatest common divisor of 198995 and 20?
5
What is the greatest common factor of 474 and 9717?
237
Calculate the greatest common factor of 4848 and 696.
24
Calculate the greatest common factor of 71650 and 200.
50
What is the highest common divisor of 330 and 56388?
6
What is the greatest common divisor of 1089 and 26919?
9
What is the highest common factor of 693 and 4928?
77
Calculate the greatest common factor of 18 and 165654.
18
Calculate the highest common divisor of 70 and 536746.
14
What is the highest common divisor of 1902 and 1260075?
951
What is the highest common divisor of 11454 and 15594?
138
What is the highest common factor of 231436 and 24?
4
What is the highest common divisor of 112 and 29834?
14
Calculate the greatest common factor of 3640 and 128520.
280
Calculate the highest common factor of 9313 and 278.
139
What is the highest common factor of 89 and 97099?
89
What is the greatest common factor of 12824 and 112?
56
Calculate the greatest common factor of 114585 and 165.
15
Calculate the greatest common factor of 3575 and 286.
143
What is the greatest common factor of 24985 and 855?
95
What is the greatest common factor of 14970 and 1620?
30
Calculate the greatest common factor of 844 and 20678.
422
Calculate the greatest common factor of 1357840 and 660.
220
What is the highest common divisor of 88686 and 702?
234
Calculate the greatest common factor of 4320 and 3636.
36
What is the highest common divisor of 1980 and 46134?
198
What is the greatest common divisor of 14248 and 26989?
137
What is the highest common divisor of 2592 and 1004886?
162
Calculate the highest common divisor of 358 and 684854.
358
Calculate the highest common factor of 830 and 25896.
166
What is the highest common factor of 42863 and 1?
1
Calculate the highest common divisor of 422 and 250246.
422
What is the greatest common factor of 16432 and 17552?
16
What is the greatest common factor of 66 and 275781?
33
What is the greatest common divisor of 1692 and 2892?
12
What is the greatest common divisor of 145 and 5941085?
145
Calculate the greatest common factor of 108 and 6108.
12
Calculate the greatest common divisor of 1883086 and 232.
58
Calculate the greatest common factor of 13 and 30211.
1
What is the highest common divisor of 12 and 722432?
4
Calculate the highest common divisor of 2 and 36866.
2
Calculate the greatest common factor of 333 and 85840.
37
What is the greatest common factor of 90 and 87750?
90
What is the greatest common divisor of 855 and 3421995?
285
What is the greatest common factor of 1557105 and 11?
11
What is the greatest common divisor of 2079 and 3339?
63
What is the highest common factor of 560 and 1876?
28
Calculate the greatest common factor of 1760 and 1940.
20
Calculate the greatest common factor of 306 and 1818.
18
What is the highest common factor of 942144 and 672?
672
Calculate the highest common factor of 333 and 46503.
9
What is the greatest common divisor of 187 and 104839?
17
Calculate the highest common divisor of 255 and 62925.
15
Calculate the highest common factor of 1241 and 55862.
17
Calculate the highest common factor of 9506 and 7742.
98
Calculate the highest common factor of 58201 and 12584.
1573
What is the highest common divisor of 362 and 2147022?
362
Calculate the highest common divisor of 59 and 1321.
1
What is the highest common divisor of 1179027 and 2435?
487
Calculate the highest common divisor of 1703 and 8229.
13
What is the greatest common factor of 224978 and 884?
442
What is the greatest common factor of 68 and 2941?
17
What is the highest common factor of 28737 and 3224?
31
What is the greatest common factor of 2048 and 214992?
16
Calculate the highest common divisor of 34 and 2192.
2
Calculate the highest common factor of 3818 and 18758.
166
Calculate the highest common divisor of 214019 and 715.
13
What is the highest common factor of 836 and 1188?
44
Calculate the highest common divisor of 17484 and 60.
12
What is the highest common factor of 134045 and 19?
19
Calculate the highest common factor of 24262 and 126.
14
What is the highest common factor of 142 and 634172?
142
What is the greatest common factor of 11417 and 92734?
233
Calculate the greatest common factor of 20354 and 38.
2
Calculate the greatest common divisor of 2916 and 184.
4
What is the greatest common factor of 14030 and 20?
10
Calculate the greatest common divisor of 1 and 2791.
1
Calculate the greatest common divisor of 52731 and 61194.
651
Calculate the highest common factor of 1430 and 11765.
65
What is the highest common factor of 169215 and 6960?
435
What is the greatest common factor of 47783 and 2692?
673
Calculate the highest common factor of 177696 and 1632.
96
What is the greatest common factor of 266560 and 12920?
680
What is the highest common divisor of 208 and 406744?
104
Calculate the greatest common factor of 7170 and 225.
15
Calculate the greatest common factor of 126 and 1850982.
42
Calculate the highest common divisor of 75334 and 14.
14
Calculate the greatest common divisor of 435420 and 944.
236
What is the greatest common factor of 14959 and 21?
7
What is the greatest common divisor of 441 and 2272473?
441
What is the greatest common factor of 22 and 46409?
11
Calculate the highest common divisor of 101732 and 232.
116
What is the highest common divisor of 10 and 531010?
10
Calculate the highest common factor of 1120 and 151648.
224
What is the greatest common factor of 16636 and 12?
4
What is the highest common factor of 1910 and 3970?
10
Calculate the greatest common factor of 14558 and 61244.
502
Calculate the highest common divisor of 85 and 105.
5
Calculate the greatest common factor of 7798 and 14.
14
What is the highest common factor of 56330 and 602?
86
What is the greatest common factor of 30041 and 44?
11
What is the greatest common factor of 1254 and 172368?
114
What is the greatest common factor of 16 and 61268?
4
Calculate the greatest common factor of 160155 and 45.
45
What is the highest common divisor of 4132213 and 251?
251
What is the greatest common divisor of 1888 and 1756784?
944
Calculate the highest common factor of 44 and 18722.
22
What is the highest common divisor of 325 and 263225?
25
Calculate the greatest common factor of 36407 and 259307.
743
What is the highest common factor of 23528 and 544?
136
What is the highest common divisor of 312 and 66872?
104
Calculate the greatest common factor of 90 and 476940.
30
What is the greatest common divisor of 9617531 and 2233?
2233
What is the highest common divisor of 1086049 and 369?
41
What is the greatest common divisor of 564 and 66384?
12
Calculate the highest common divisor of 516 and 3804.
12
What is the highest common divisor of 2265